5*1830/4. Suppose 4*l + l = i. Let h = -35 + l. List the prime factors of h.
2, 13
Let v be ((-44)/(-12) - 2)*3. Suppose -8 = -v*h + 7. Suppose 4 = 4*m + 2*i, 0*m + h*m = -2*i + 2. What are the prime factors of m?
2
List the prime factors of ((8/12)/2)/(2/384).
2
Let f = -89 + 194. What are the prime factors of -2*f/(-12)*2?
5, 7
Let l = 527 + -317. List the prime factors of l.
2, 3, 5, 7
Suppose 0 = 12*x + 124 - 4. What are the prime factors of 1/(-5) - 1192/x?
7, 17
Let k(d) = d**2 + 6*d + 9. Suppose 5*z + 4*o - 3 = -38, 5*z = 5*o + 10. Let u be k(z). Suppose u*y + y = 41. What are the prime factors of y?
41
Suppose -5*l + 37 + 28 = 0. Suppose 0 = l*b - 10*b - 72. What are the prime factors of b?
2, 3
Suppose 15 = 6*c - 3*c. Suppose c*d - 328 = 5*s - 83, 3*d = -2*s + 132. List the prime factors of d.
2, 23
Let h = -63 - -68. Suppose 3*b = 3*c - 120, -h*b = 14 + 1. What are the prime factors of c?
37
Suppose -2 = -3*c - 5*p, -c - 6 = -2*p - 25. Suppose 5*q - 293 = 2*j, -2*j = -13*q + c*q + 234. What are the prime factors of q?
59
Suppose 2*o = 4*o - 5*p + 263, 5*o = 2*p - 626. Suppose 0 = 7*v - 398 + 1014. Let b = v - o. List the prime factors of b.
2, 3
Let o = 12 + -10. Suppose o*t - 5*y = -0*t - 17, -2*t - 5*y = -33. Suppose 0 = 2*j + u - 31, 3*u + 0*u = -t*j + 59. What are the prime factors of j?
17
Suppose 4*v + 61 = d, 0*d = -5*v - 4*d - 50. List the prime factors of 4/v + (-1865)/(-35).
53
Suppose -d + 31 = -3*d + 5*r, 2*r - 7 = -d. What are the prime factors of (7/21)/(d/(-1431))?
3, 53
Let i(z) = 120*z + 55. List the prime factors of i(3).
5, 83
Let k = -21 - -23. Suppose 0 = 4*h - x - 4, k*x - 10 - 2 = -2*h. Suppose -4*p + 152 = m, 0 = -2*p - h*m - m + 86. List the prime factors of p.
37
Let n(w) = -113*w - 52. List the prime factors of n(-13).
13, 109
Let s(c) = -5*c - 4*c - c**2 + 4*c**2 + 120*c**3 + 1 + 8*c. What are the prime factors of s(1)?
3, 41
Suppose -v - 13068 = -28*v. What are the prime factors of v?
2, 11
Suppose p = 4*s - 22, 5*s - 13 = 5*p + 7. Suppose -s*r + 1263 = -525. What are the prime factors of r?
2, 149
Let r(q) = 26*q - 8. Let g(j) = j - 1. Let h(s) = -3*g(s) - r(s). List the prime factors of h(-2).
3, 23
Let s(b) = 236*b - 5. What are the prime factors of s(2)?
467
Let l(i) = i**3 + 3*i**2 - 2*i - 3. Let d be l(-4). Suppose 10 = -f - 2*v - 17, 3*v = -f - 31. Let n = d - f. List the prime factors of n.
2
Suppose 0 = -7*i - i - 184. List the prime factors of 1/(4/(-20)) - i.
2, 3
Let v = 12 + -7. Suppose -2*x + 2*b = -12, v*x + 2*b = -3 + 12. List the prime factors of (10/6)/(x/27).
3, 5
Let y(k) = -8*k - 5. Let q be y(-4). Suppose -31 = 3*g - 4*r + 54, 0 = -4*r + 16. Let w = g + q. What are the prime factors of w?
2
Let h(n) = -8*n + 224. List the prime factors of h(0).
2, 7
Let b = -14 - -21. Let x(w) = w**2 + w**3 - b + 5*w - w - 5*w. What are the prime factors of x(3)?
2, 13
Let g = -213 - -218. List the prime factors of g.
5
Let x = 1174 - -3517. What are the prime factors of x?
4691
Let o = -5 - -7. Suppose o*u - 3 = 1. Suppose -9 = -u*c + 5. List the prime factors of c.
7
Let a = -25 - -29. Suppose -5*o + 4*l = -23, -4*o + a + 4 = 2*l. Suppose -95 = -o*z - 2*z. What are the prime factors of z?
19
Suppose r = 3*a - 219, a - 2*r = -3*r + 77. Let b = a + -23. What are the prime factors of b?
3, 17
Suppose v = -2*k - 3, 2*k = -5*v - 45 - 2. Let z = 17 + v. List the prime factors of z.
2, 3
Suppose -29 = -9*t + 1762. What are the prime factors of t?
199
Suppose -a + 12*k - 13*k + 908 = 0, 5*k - 2722 = -3*a. List the prime factors of a.
3, 101
List the prime factors of 28/(-21)*(-207)/4.
3, 23
Suppose z - 2*z + 4*g = -151, 2*z + 4*g - 254 = 0. Suppose 33 = -m + z. What are the prime factors of m?
2, 3, 17
Let u(x) = 32 + 12*x + 15*x - 20*x. What are the prime factors of u(19)?
3, 5, 11
Let p(v) be the third derivative of 39*v**4/8 - 11*v**3/6 + 46*v**2. What are the prime factors of p(3)?
2, 5, 17
Let s(k) = -22 + 13*k - 5*k - 4*k - 2. What are the prime factors of s(11)?
2, 5
Suppose v - 1590 = 4*m, v - 1476 = -3*m + 107. List the prime factors of v.
2, 13, 61
Suppose -87*d - 5616 = -96*d. What are the prime factors of d?
2, 3, 13
Suppose -235*l = -236*l + 962. List the prime factors of l.
2, 13, 37
Suppose h + 10 = -p - 3*p, -4*h - p + 5 = 0. Let d be 4/(-2*h)*0. Let s(x) = -x + 25. What are the prime factors of s(d)?
5
Suppose 3*m + h - 5 - 9 = 0, -4*h - 28 = -2*m. Suppose -m*j + 5 = -j. Suppose 0 = -4*w + 4*f + 112, -4*f + 21 = j. List the prime factors of w.
3, 11
Suppose 2*d = 527 + 459. List the prime factors of d.
17, 29
Let q = 1128 + 2530. What are the prime factors of q?
2, 31, 59
Let p(b) be the second derivative of -b**5/20 - 3*b**4/4 + b**3 + 4*b**2 - 4*b. Let j be p(-9). Let n = j - -82. List the prime factors of n.
2, 3
What are the prime factors of 23*(106 + (-1)/1)?
3, 5, 7, 23
Let y be 399/76 + 2/(-8). Suppose -3*w = -3*n + 165, -n = n - y*w - 95. List the prime factors of n.
2, 3, 5
Suppose 252 = 2*d + 2*d. Suppose 167 + d = 5*u. Suppose -4*h = -58 - u. List the prime factors of h.
2, 13
Let v(m) = m**3 - 5*m**2 + 7*m - 7. Let x = -8 + 10. Let b(z) = z**2 + 2*z - 3. Let t be b(x). List the prime factors of v(t).
2, 7
Let y = 5 - 2. Suppose y*t + 4*c - 49 = -0*t, 26 = 2*t + c. Suppose i - t = 12. List the prime factors of i.
23
Let s(b) = 2*b. Let z be s(1). Suppose 3*d = -z*d + 100. List the prime factors of d.
2, 5
Let h(c) be the first derivative of c**4/4 - 5*c**3/3 + c**2/2 + 18. Suppose -4*l = -2*v + 14, 4*v - 6 - 9 = -5*l. List the prime factors of h(v).
5
Let f = 17 + -14. Suppose -f*k - 3*n + 41 = -148, -303 = -5*k - n. What are the prime factors of k?
2, 3, 5
Let g(k) = k**3 + 23*k**2 + 11*k + 19. Let h be g(-22). Suppose q - 4*q = -h. List the prime factors of q.
3, 29
Let f(g) = 3*g**2 - 22*g - 8. What are the prime factors of f(19)?
3, 73
Let u be 1*36/(-8)*2. Let f = u - -38. What are the prime factors of f?
29
Let q(u) = -u**3 + 11*u**2 + 14*u + 17. Let r be q(12). Let j = r + -9. What are the prime factors of j?
2
Let f be (-20)/(7 - 2)*-1. Suppose 3*m = f*m. Suppose r = -m*r - l, -4*r + 2 = 3*l. List the prime factors of r.
2
Suppose 192984 = 98*q + 4*q. List the prime factors of q.
2, 11, 43
Let y(k) = -k**2 - 6*k + 7. Let i be y(-6). Suppose -i - 8 = 5*f, 2*f + 198 = -4*z. Let h = -29 - z. List the prime factors of h.
19
Suppose -5*z + 4*x = -1911, -2*z + 896 - 130 = -2*x. List the prime factors of z.
379
Let x = -199 - -284. Let o = x + -24. List the prime factors of o.
61
Suppose 15*r - 24 = 2001. What are the prime factors of r?
3, 5
What are the prime factors of 1/((-6)/(-620))*72/30?
2, 31
Let x = 1310 + -712. Suppose -4*v - b + 586 = 0, -4*v + x = -16*b + 11*b. What are the prime factors of v?
3, 7
Suppose -12*p - 17*p = -15312. List the prime factors of p.
2, 3, 11
Suppose 0 = b - 541 - 1685. List the prime factors of b.
2, 3, 7, 53
Let x(z) be the first derivative of -z**4/4 + 10*z**3/3 + 15*z**2/2 + 3*z + 2. List the prime factors of x(11).
47
Let r = -77 - -272. Suppose -g - 3*c = -20, 3*c + r = 5*g - c. Let p = -1 + g. What are the prime factors of p?
2, 17
Let z be 8/3*(3/2 - 0). Suppose -57 = z*a - 173. What are the prime factors of a?
29
Suppose 2*y = -g + 177, 0*g - 105 = -y + 5*g. List the prime factors of y.
2, 3, 5
List the prime factors of (3945/20)/(3/4).
263
Suppose -10*d + 12 = -12*d. List the prime factors of (1/3)/(d/(-558)).
31
Let y be 92/9 - (-10)/(-45). Let k(n) = n**3 - 11*n**2 + 13*n - 2. What are the prime factors of k(y)?
2, 7
Let s(r) = r - 2. Let l be s(3). Suppose l = d - 4. Suppose -31 - d = -4*b. List the prime factors of b.
3
Let t = 479 + -259. List the prime factors of t.
2, 5, 11
Let a be (85/(-51))/((-15)/162). Let j(z) = -z**2 + 3*z + 2. Let x be j(3). Suppose -x*u + a = -u. What are the prime factors of u?
2, 3
Let b(z) = -z**3 + 10*z**2 + 11*z + 16. Let s be b(11). Let d(r) = -19 - s*r + 5*r + 8*r. What are the prime factors of d(-19)?
2, 19
Suppose 5*n - 27 = 3. Suppose 3*p + 45 = n*p. Let s = p - -16. List the prime factors of s.
31
Let r(o) be the third derivative of 0 + 2*o**2 + 7/60*o**5 - 1/8*o**4 + 1/3*o**3 + 0*o. What are the prime factors of r(2)?
2, 3
Let c(b) = 14*b**2 - 4*b + 32. List the prime factors of c(-8)